e greatest common divisor of 26 and k.
13
Suppose 23*h - 707 = 512. What is the highest common divisor of h and 159?
53
Let q = 48 - 5. Suppose -5*t + q = 2*r, -4*t + 21 + 3 = -r. What is the greatest common divisor of 63 and t?
7
Suppose -4*q + 12 = -4*b, -8*q - 55 = -13*q - 3*b. What is the greatest common factor of 1 and q?
1
Let m(d) = -3*d**3 + d**2 - d - 1. Let g be m(-1). Suppose g*n = 11 + 33. Calculate the greatest common factor of 22 and n.
11
Suppose -3*f = 6, 0*h + 5*f = -2*h + 386. Calculate the highest common factor of 18 and h.
18
Let y be (-2)/7 + 3975/21. Let x(h) = h**2 + 5*h + 5. Let t be x(0). Suppose -t*l + 24 + 81 = 0. Calculate the highest common factor of l and y.
21
Let g(f) = 11*f + 107. Let k be g(2). What is the greatest common factor of k and 645?
129
Let b = -81 - -25. Let v = b + 33. Let o = -21 - v. Calculate the highest common divisor of o and 16.
2
Let r(n) = 5*n**2 + 7*n - 9. Let a be r(3). Calculate the greatest common factor of a and 3.
3
Let b(c) = c**2 - 2*c - 4. Let z be b(4). Let f be 18 + (-5 - (5 + 2)). What is the greatest common divisor of f and z?
2
Let k(i) = 19*i**2 - i - 3. Let y be k(4). Suppose 4*s + 28 = 52. Let o be 24 - (-3)/6*s. What is the highest common factor of o and y?
27
Suppose 4*f - 69 = -77*m + 74*m, 0 = f + 3. What is the greatest common factor of 504 and m?
9
Suppose 0*l - 12 = 3*l, p + 5*l + 4 = 0. Let a(c) = -6*c + 9. Let v be a(3). Let q be (v + 1)/((-3)/36). What is the highest common factor of p and q?
16
Suppose -15 = -7*w + 4*w. Let o = -5 - -7. Suppose -o*i = -w*i + 9. Calculate the greatest common divisor of i and 24.
3
Suppose -44*g - 317 = -47*g + w, -391 = -4*g - 5*w. Calculate the greatest common factor of 8 and g.
8
Let b = 323 - 293. Suppose -31 = -n + 19. What is the highest common factor of n and b?
10
Suppose 0 = 5*w + 54 - 14. Let i = -5 - w. Suppose -6 = -i*h + 24. Calculate the highest common divisor of 20 and h.
10
Suppose 0*p - 96 = -4*p + 5*n, 0 = 5*p + 5*n - 75. Suppose 114 + 266 = 10*z. Calculate the highest common divisor of z and p.
19
Let n = 1215 + -1176. Calculate the greatest common divisor of 1170 and n.
39
Let z(d) = -104*d + 4. Let y be z(-6). Let m = -370 + y. Let o = m - 122. What is the greatest common factor of 17 and o?
17
Suppose c - 3*c = 310. Let s = 269 + c. What is the greatest common factor of 38 and s?
38
Let a = -1 - -3. Suppose -a*l = 2*v - 10, -11 = -l - 4*v - 0*v. Suppose l = -o + 12. Calculate the highest common divisor of 1 and o.
1
Suppose u = -3*u + 24. Let a be 44*(-1 - u/(-4)). What is the greatest common factor of 11 and a?
11
Let m = 366 - 310. Calculate the highest common factor of m and 140.
28
Let z be 7932/30 - 12/30. Calculate the highest common factor of z and 12.
12
Let b be (-106)/(-5) + 128/160. Calculate the highest common factor of 143 and b.
11
Suppose -2*p + 4*g + 10 = -0*g, -3*p - 2*g + 47 = 0. Calculate the highest common factor of 208 and p.
13
Let j be 2 + (-4)/(-1) + -1. Suppose -2 - 28 = -j*y. Let a(g) = -8*g + 90. Let m be a(3). What is the highest common factor of m and y?
6
Let t be 2/84*14 + 638/3. What is the highest common divisor of 284 and t?
71
Suppose 18 = 3*a - 27. Let s = 25 - a. Let n = 107 + -67. What is the highest common divisor of n and s?
10
Let h = 656 - 425. What is the greatest common factor of h and 42?
21
Let u(r) = -9*r - 5. Let o be u(-5). Let n(v) = 22*v + o - 8*v - 42. Let d be n(1). Calculate the highest common factor of d and 12.
12
Let p(t) = -8*t + 63. Let b be p(6). Calculate the highest common factor of b and 45.
15
Suppose -3*c + 36 = -c - 5*h, -3*h - 36 = -3*c. Suppose -j = -0 - 4, -4*k + c = -4*j. Calculate the greatest common divisor of k and 12.
6
Suppose 0 = 61*p + 21*p - 43624. What is the highest common factor of 76 and p?
76
Let h = 50 + -44. Let v be 0*((-20)/8 - -2). Suppose 5*n - 7*n + 60 = v. What is the highest common factor of h and n?
6
Suppose -2*g + 396 = g. Let y = 1356 + -1344. Calculate the highest common divisor of y and g.
12
Suppose -2*s = -2*k - 146, -2 = -2*s + 4. Let p be (-3)/((-1 + 3)/k). Calculate the highest common divisor of p and 42.
21
Let l(p) = -7*p**3 - p**2 - 2*p + 7. Let b be l(-2). Suppose -21 = -5*g + 2*g. What is the highest common divisor of b and g?
7
Suppose 344 = -19*i + 1294. Calculate the greatest common factor of 40 and i.
10
Let y = 146 + -78. Let m be 2/(-3 - -1)*-5. Suppose s + 10 = m*x + 42, -22 = -2*s - 4*x. Calculate the greatest common divisor of y and s.
17
Let q(z) = 0*z + 3*z + 13 + 27. Let s be q(0). What is the highest common divisor of 60 and s?
20
Let q be 45 + 1 + -2*2. Calculate the highest common divisor of 63 and q.
21
Let w be ((-11)/(-4) - 2)/((-14)/(-56)). Suppose -3*g - 2*i - i = -303, 295 = w*g - i. Let y be 198/(-4)*(-8)/6. What is the greatest common factor of y and g?
33
Let m be (0 + 403)*-5*10/(-50). What is the highest common divisor of m and 13?
13
Let x be -5*(3 + (-142)/10). Suppose 0 = -3*i + 5*y - 3*y + 76, 2*i - 3*y = 44. Let t = i + -21. What is the greatest common factor of t and x?
7
Let m be (-198)/(-24) + 1/(-4). Suppose j + m = 3*j. Let z = -388 - -392. Calculate the highest common divisor of z and j.
4
Let t = 15 + -3. Suppose t = 3*a + a. Suppose 3*w + 189 = 4*r, a*r = 4*r - 5*w - 43. Calculate the highest common factor of 12 and r.
12
Let n = 53 - 53. Let t be (-148 - 2)*(n - -5 - 6). Calculate the greatest common factor of t and 30.
30
Let q be 9/(54/12) - -19. What is the highest common divisor of 35 and q?
7
Suppose 0 = -6*v - 81 + 249. What is the greatest common factor of 308 and v?
28
Suppose -2*m = z - 14, -3*z + 0*m + 17 = m. Let b(t) = 10*t**2 - 4*t + 8. Let i be b(z). What is the greatest common factor of 38 and i?
38
Suppose -98*a = -96*a - 126. What is the greatest common divisor of a and 84?
21
Let t = -96 - -98. Suppose -2*h + r + 23 = 0, -t*r + 27 = 2*h + r. Calculate the highest common divisor of 12 and h.
12
Suppose y - 34 = 8. Let u be (320/30 - 8)/((-12)/(-27)). What is the greatest common factor of u and y?
6
Let l(h) = 4*h**2 + 4*h - 8. Let k be l(-6). Let d = 9 + -17. Let g = d - -22. What is the highest common factor of g and k?
14
Let k(w) be the third derivative of w**5/20 + w**4/8 + 5*w**3/6 + w**2. Let p be k(-2). What is the greatest common divisor of 121 and p?
11
Let q = 38 + -36. Suppose -3*z + 50 = 3*x - 175, -q*z = -4*x + 282. What is the greatest common factor of 108 and x?
36
Let t(s) = -s**3 + 3*s**2 + 175. Let b be t(0). What is the highest common divisor of b and 35?
35
Suppose 0 = -3*h + 5*h - 6612. What is the greatest common divisor of 58 and h?
58
Let u(f) = -43*f - 126. Let g be u(-3). What is the greatest common divisor of 30 and g?
3
Suppose 0 = a + 2 - 31. Calculate the greatest common divisor of 145 and a.
29
Suppose 3*c - 6*c = -15, -2*h = -5*c - 9. Suppose -2*b - 6 + h = 5*x, 2*x - 5*b = -13. What is the greatest common factor of x and 11?
1
Let v(a) = a**3 + 8*a**2 - a + 2. Let d be v(-6). Let x be (-48)/20*950/(-57). What is the highest common divisor of x and d?
40
Let f(z) = z**3 - 7*z**2. Let r be f(7). Suppose r = 6*x - 5*x - 14. Calculate the highest common divisor of 42 and x.
14
Suppose -n = -6*n - 15, 5*n - 87 = -2*g. Suppose 3*r - 102 = -3*r. Calculate the greatest common divisor of g and r.
17
Let w(i) = -i + 8. Let j be w(5). Suppose 34*c = -9*c + 4128. Let o be 0 + 12/j + c. Calculate the greatest common divisor of o and 40.
20
Let y = 15 - -19. Let x be 6462/66 - -4 - 1/(-11). Calculate the greatest common divisor of x and y.
34
Let g be 3 - 108/(-8)*2. Suppose -q - 4*w = g - 98, 2*q = -w + 129. Calculate the highest common divisor of 16 and q.
16
Let m(c) = -c**2 + 9*c - 10. Let v be m(5). Let q be ((-22)/(-6) - 2)/(20/120). What is the greatest common divisor of v and q?
10
Suppose 30 - 74 = -4*g. Calculate the greatest common divisor of 594 and g.
11
Let z be -2 + (37 - 49/7). Let r = -127 - -197. What is the highest common divisor of z and r?
14
Let r = 32 - 29. Suppose -5*z - 270 = -2*n, -n + 2*n = r*z + 135. What is the greatest common divisor of 54 and n?
27
Suppose 0 = 3*a - 28 + 7. Let m be 42/(-9)*(-6)/a. Let b be (-4)/(4/(-2))*m. What is the greatest common factor of b and 24?
8
Suppose 107 = 4*w - 2